{"id":324,"date":"2019-01-29T22:19:56","date_gmt":"2019-01-29T21:19:56","guid":{"rendered":"https:\/\/www.moires.fr\/en\/?page_id=324"},"modified":"2020-11-02T13:58:44","modified_gmt":"2020-11-02T12:58:44","slug":"publications-bureau","status":"publish","type":"page","link":"https:\/\/www.moires.fr\/en\/?page_id=324","title":{"rendered":"Board publications"},"content":{"rendered":"<hr \/>\n<p><b>2020<\/b><\/p>\n<p align=\"justify\">MONTAUDON M., SAUNIER I., 2020, \u00ab\u00a0Les textiles fun\u00e9raires de la chapelle Saint-Beno\u00eet \u00e0 Fontevraud\u00a0\u00bb, <i>Patrimoines en Anjou<\/i>, n\u00b01, p. 1-18.<\/p>\n<p><b>2019<\/b><\/p>\n<p align=\"justify\">BRENIQUET C, RETOURNARD E., 2019, \u00ab \u00c9tude des restes textiles lat\u00e9niens de Saint-Vulbas \u00bb, <em>in<\/em> Ramponi C. (dir.), <em>Saint-Vulbas, Ain, Auvergne-Rh\u00f4ne-Alpes. Parc industriel de la Plaine de l\u2019Ain (PIPA) \u2013 Lot 9, secteur centre, Site 1, Lot 1 \u2013 Addendum<\/em>, Bron, Inrap, p. 9-20.<\/p>\n<p align=\"justify\">HENRI D., RETOURNARD E., 2019, \u00ab \u00c0 quoi sert l\u2019\u00e9tude des textiles pr\u00e9liminaire \u00e0 la restauration \u00bb, <i>Cahier technique de l\u2019ARAAFU<\/i>, n\u00b024, p. 72-78.<\/p>\n<p align=\"justify\">ROCHETTE M., GRIMAUD J., THOMAS B., DESPLANQUES E., DUCHESNE S., DONAT R., 2019, \u00ab Chambres fun\u00e9raires avec cercueils en plomb du IIIe si\u00e8cle de notre \u00e8re \u00bb, 11e Rencontre du Gaaf, Tours, 03-05 juin 2019.<\/p>\n<p><b>2018<\/b><\/p>\n<p align=\"justify\">BRENIQUET C., RETOURNARD E., 2018, \u00ab \u00c9tude des restes textiles sur une monnaie provenant de la s\u00e9pulture SP.4174 \u00bb, <i>in<\/i> Ferber E., Gisclon J.-L., Rouzic M., Savignat A., Thomson I. (dir.), <i>Lyon 5e, Rh\u00f4ne, Auvergne-Rh\u00f4ne-Alpes. 1 place Eug\u00e8ne Wernert. Rapport de fouille<\/i>, Bron, Inrap, p. 337\u2011344.<\/p>\n<p align=\"justify\">DELHOOFS H., CALBRIS M., RETOURNARD E. (dir.), 2018, <i>Essai de caract\u00e9risation des installations romaines reconnues sur les mines du Puy-d\u2019Argenti\u00e8re \u00e0 Blot-l\u2019Eglise (63, Auvergne-Rh\u00f4ne-Alpes)<\/i>, Rapport de sondages arch\u00e9ologiques, Service r\u00e9gional de l\u2019Arch\u00e9ologie Auvergne-Rh\u00f4ne-Alpes, 178 p.<\/p>\n<p align=\"justify\">DESPLANQUES E., 2018, \u00ab Les restes textiles \u00bb, <i>in<\/i> Rochette M., Grimaud J., Thomas B. <i>(dir.)<\/i> <i>et al.<\/i>, <i>Occitanie, Gard, N\u00eemes. 1 rue Guynemer. Une n\u00e9cropole de la fin de l\u2019Antiquit\u00e9 \u00e0 l\u2019origine d\u2019une \u00e9glise pal\u00e9ochr\u00e9tienne. Rapport d\u2019op\u00e9ration de fouille<\/i>, N\u00eemes, Inrap, tome 2, p. 91-124.<\/p>\n<p align=\"justify\">RETOURNARD E., 2018, \u00ab \u00c9tude de deux fragments de tissu provenant de la fosse 140 \u00bb, <i>in<\/i> Delhoofs H., Calbris M., Retournard E. (dir.), <i>Essai de caract\u00e9risation des installations romaines reconnues sur les mines du Puy-d\u2019Argenti\u00e8re \u00e0 Blot-l\u2019Eglise (63, Auvergne-Rh\u00f4ne-Alpes)<\/i>, Service r\u00e9gional de l\u2019arch\u00e9ologie, p. 35\u201137.<\/p>\n<p align=\"justify\">RETOURNARD E., 2018, \u00ab Les \u00e9l\u00e9ments textiles de la latrine F3548 \u00bb, <i>in<\/i> Cl\u00e9ment B. (dir.), <i>Lyon (9e) \u2013 Vaise. ZAC Industrie Nord (\u00celot 2, 3 et 5)<\/i>, Chaponnay, Archeodunum, p. 202\u2011205.<\/p>\n<p><b>2017<\/b><\/p>\n<p align=\"justify\">BRENIQUET C., RETOURNARD E., 2017, \u00ab Le tissu du tr\u00e9sor mon\u00e9taire \u00bb, <em>in<\/em> Segain E. (dir.), <em>Saint-Vulbas, Ain, Auvergne-Rh\u00f4ne-Alpes. Parc industriel de la Plaine de l\u2019Ain (PIPA), lot 10 \u2013 phase 1<\/em>, vol. 1, Bron, Inrap, p. 197-198.<\/p>\n<p align=\"justify\">DELFERRI\u00c8RE N., RETOURNARD E., 2017, \u00ab Une statuette antique d\u00e9couverte \u00e0 Vignory (Haute-Marne)\u202f? \u00bb, <i>Bulletin de la Soci\u00e9t\u00e9 des Sciences Naturelles et d\u2019Arch\u00e9ologie de Haute-Marne<\/i>, 16, p. 28\u201130.<\/p>\n<p align=\"justify\">DESPLANQUES E., MOULHERAT C., 2017, \u00ab Analyse des fragments textiles d\u00e9couverts dans la tombe SP30290 \u00bb, <i>in<\/i> Jung C. (dir.), <i>Occitanie, H\u00e9rault, Lattes. LGV. Lattes-Saint-Pierre sud. Un ensemble fun\u00e9raire protohistorique au sein de la campagne lattoise. Rapport d\u2019op\u00e9ration de fouille<\/i>, N\u00eemes, Inrap, vol. 1, p. 363\u2011370.<\/p>\n<p align=\"justify\">RETOURNARD E., 2017, \u00ab Textiles in context: the case of the Annecy fibula (Haute-Savoie, France) \u00bb, <i>in<\/i> Bravermanov\u00e1 M., B\u0159ezinov\u00e1 H., Malcolm-Davies J. (dir.), <i>Archaeological textiles \u2013 Links between past and present<\/i>, Liberec, Prague, Technical University of Liberec, Faculty of textile Engineering\u202f; Institute of Archaeology of the CAS, Prague.<\/p>\n<p align=\"justify\">RETOURNARD E., 2017, \u00ab Textiles for miners and mining: the archaeological textiles from Brandes-en-Oisans (12th-14th centuries, Is\u00e8re, France) \u00bb, <i>in<\/i> Bravermanov\u00e1 M., B\u0159ezinov\u00e1 H., Malcolm-Davies J. (dir.), <i>Archaeological textiles \u2013 Links between past and present<\/i>, Liberec, Prague, Technical University of Liberec, Faculty of textile Engineering\u202f; Institute of Archaeology of the CAS, Prague, p. 151\u2011156.<\/p>\n<p align=\"justify\">RETOURNARD E., 2017, \u00ab \u00c9tude d\u2019empreintes textile sur deux amas de chaux \u00bb, <i>in<\/i> Houix B. (dir.), <i>Occitanie, Gard. N\u00eemes, 12-14 rue L\u00e9opold-Morice, 24 avenue Georges-Pompidou. Rapport final d\u2019op\u00e9ration, fouille arch\u00e9ologique, N\u00eemes<\/i>, Inrap, p. 316\u2011319.<\/p>\n<p align=\"justify\">RETOURNARD E., 2017, \u00ab \u00c9tude des textiles min\u00e9ralis\u00e9s de FS4209 \u00bb, <i>in<\/i> Duperron G. (dir.), <i>L\u2019\u00e9tablissement littoral de Saint-Martin-le-Bas \u00e0 Gruissan (Aude)<\/i>, R\u00e9gion Occitanie\/CNRS, coll. \u00ab Les ports antiques de Narbonne \u00bb, p. 213\u2011228.<\/p>\n<p><b>2015<\/b><\/p>\n<p align=\"justify\">RETOURNARD E., 2015, \u00ab Archaeological textiles from an ore-washing workshop in the French Alps \u00bb, <i>Archaeological Textiles Review<\/i>, n\u00b057, p. 75\u201188.<\/p>\n<p>&nbsp;<\/p>\n<p>&nbsp;<\/p>\n","protected":false},"excerpt":{"rendered":"<p>2020 MONTAUDON M., SAUNIER I., 2020, \u00ab\u00a0Les textiles fun\u00e9raires de la chapelle Saint-Beno\u00eet \u00e0 Fontevraud\u00a0\u00bb, Patrimoines en Anjou, n\u00b01, p. 1-18. 2019 BRENIQUET C, RETOURNARD E., 2019, \u00ab \u00c9tude des <a class=\"more-link\" href=\"https:\/\/www.moires.fr\/en\/?page_id=324\">Continue Reading &rarr;<\/a><\/p>\n","protected":false},"author":2,"featured_media":0,"parent":521,"menu_order":2,"comment_status":"closed","ping_status":"closed","template":"","meta":{"footnotes":""},"class_list":["post-324","page","type-page","status-publish","hentry"],"_links":{"self":[{"href":"https:\/\/www.moires.fr\/en\/index.php?rest_route=\/wp\/v2\/pages\/324","targetHints":{"allow":["GET"]}}],"collection":[{"href":"https:\/\/www.moires.fr\/en\/index.php?rest_route=\/wp\/v2\/pages"}],"about":[{"href":"https:\/\/www.moires.fr\/en\/index.php?rest_route=\/wp\/v2\/types\/page"}],"author":[{"embeddable":true,"href":"https:\/\/www.moires.fr\/en\/index.php?rest_route=\/wp\/v2\/users\/2"}],"replies":[{"embeddable":true,"href":"https:\/\/www.moires.fr\/en\/index.php?rest_route=%2Fwp%2Fv2%2Fcomments&post=324"}],"version-history":[{"count":22,"href":"https:\/\/www.moires.fr\/en\/index.php?rest_route=\/wp\/v2\/pages\/324\/revisions"}],"predecessor-version":[{"id":566,"href":"https:\/\/www.moires.fr\/en\/index.php?rest_route=\/wp\/v2\/pages\/324\/revisions\/566"}],"up":[{"embeddable":true,"href":"https:\/\/www.moires.fr\/en\/index.php?rest_route=\/wp\/v2\/pages\/521"}],"wp:attachment":[{"href":"https:\/\/www.moires.fr\/en\/index.php?rest_route=%2Fwp%2Fv2%2Fmedia&parent=324"}],"curies":[{"name":"wp","href":"https:\/\/api.w.org\/{rel}","templated":true}]}}

<hr />
<p><b>2020</b></p>
<p align="justify">MONTAUDON M., SAUNIER I., 2020, « Les textiles funéraires de la chapelle Saint-Benoît à Fontevraud », <i>Patrimoines en Anjou</i>, n°1, p. 1-18.</p>
<p><b>2019</b></p>
<p align="justify">BRENIQUET C, RETOURNARD E., 2019, « Étude des restes textiles laténiens de Saint-Vulbas », <em>in</em> Ramponi C. (dir.), <em>Saint-Vulbas, Ain, Auvergne-Rhône-Alpes. Parc industriel de la Plaine de l’Ain (PIPA) – Lot 9, secteur centre, Site 1, Lot 1 – Addendum</em>, Bron, Inrap, p. 9-20.</p>
<p align="justify">HENRI D., RETOURNARD E., 2019, « À quoi sert l’étude des textiles préliminaire à la restauration », <i>Cahier technique de l’ARAAFU</i>, n°24, p. 72-78.</p>
<p align="justify">ROCHETTE M., GRIMAUD J., THOMAS B., DESPLANQUES E., DUCHESNE S., DONAT R., 2019, « Chambres funéraires avec cercueils en plomb du IIIe siècle de notre ère », 11e Rencontre du Gaaf, Tours, 03-05 juin 2019.</p>
<p><b>2018</b></p>
<p align="justify">BRENIQUET C., RETOURNARD E., 2018, « Étude des restes textiles sur une monnaie provenant de la sépulture SP.4174 », <i>in</i> Ferber E., Gisclon J.-L., Rouzic M., Savignat A., Thomson I. (dir.), <i>Lyon 5e, Rhône, Auvergne-Rhône-Alpes. 1 place Eugène Wernert. Rapport de fouille</i>, Bron, Inrap, p. 337‑344.</p>
<p align="justify">DELHOOFS H., CALBRIS M., RETOURNARD E. (dir.), 2018, <i>Essai de caractérisation des installations romaines reconnues sur les mines du Puy-d’Argentière à Blot-l’Eglise (63, Auvergne-Rhône-Alpes)</i>, Rapport de sondages archéologiques, Service régional de l’Archéologie Auvergne-Rhône-Alpes, 178 p.</p>
<p align="justify">DESPLANQUES E., 2018, « Les restes textiles », <i>in</i> Rochette M., Grimaud J., Thomas B. <i>(dir.)</i> <i>et al.</i>, <i>Occitanie, Gard, Nîmes. 1 rue Guynemer. Une nécropole de la fin de l’Antiquité à l’origine d’une église paléochrétienne. Rapport d’opération de fouille</i>, Nîmes, Inrap, tome 2, p. 91-124.</p>
<p align="justify">RETOURNARD E., 2018, « Étude de deux fragments de tissu provenant de la fosse 140 », <i>in</i> Delhoofs H., Calbris M., Retournard E. (dir.), <i>Essai de caractérisation des installations romaines reconnues sur les mines du Puy-d’Argentière à Blot-l’Eglise (63, Auvergne-Rhône-Alpes)</i>, Service régional de l’archéologie, p. 35‑37.</p>
<p align="justify">RETOURNARD E., 2018, « Les éléments textiles de la latrine F3548 », <i>in</i> Clément B. (dir.), <i>Lyon (9e) – Vaise. ZAC Industrie Nord (Îlot 2, 3 et 5)</i>, Chaponnay, Archeodunum, p. 202‑205.</p>
<p><b>2017</b></p>
<p align="justify">BRENIQUET C., RETOURNARD E., 2017, « Le tissu du trésor monétaire », <em>in</em> Segain E. (dir.), <em>Saint-Vulbas, Ain, Auvergne-Rhône-Alpes. Parc industriel de la Plaine de l’Ain (PIPA), lot 10 – phase 1</em>, vol. 1, Bron, Inrap, p. 197-198.</p>
<p align="justify">DELFERRIÈRE N., RETOURNARD E., 2017, « Une statuette antique découverte à Vignory (Haute-Marne) ? », <i>Bulletin de la Société des Sciences Naturelles et d’Archéologie de Haute-Marne</i>, 16, p. 28‑30.</p>
<p align="justify">DESPLANQUES E., MOULHERAT C., 2017, « Analyse des fragments textiles découverts dans la tombe SP30290 », <i>in</i> Jung C. (dir.), <i>Occitanie, Hérault, Lattes. LGV. Lattes-Saint-Pierre sud. Un ensemble funéraire protohistorique au sein de la campagne lattoise. Rapport d’opération de fouille</i>, Nîmes, Inrap, vol. 1, p. 363‑370.</p>
<p align="justify">RETOURNARD E., 2017, « Textiles in context: the case of the Annecy fibula (Haute-Savoie, France) », <i>in</i> Bravermanová M., Březinová H., Malcolm-Davies J. (dir.), <i>Archaeological textiles – Links between past and present</i>, Liberec, Prague, Technical University of Liberec, Faculty of textile Engineering ; Institute of Archaeology of the CAS, Prague.</p>
<p align="justify">RETOURNARD E., 2017, « Textiles for miners and mining: the archaeological textiles from Brandes-en-Oisans (12th-14th centuries, Isère, France) », <i>in</i> Bravermanová M., Březinová H., Malcolm-Davies J. (dir.), <i>Archaeological textiles – Links between past and present</i>, Liberec, Prague, Technical University of Liberec, Faculty of textile Engineering ; Institute of Archaeology of the CAS, Prague, p. 151‑156.</p>
<p align="justify">RETOURNARD E., 2017, « Étude d’empreintes textile sur deux amas de chaux », <i>in</i> Houix B. (dir.), <i>Occitanie, Gard. Nîmes, 12-14 rue Léopold-Morice, 24 avenue Georges-Pompidou. Rapport final d’opération, fouille archéologique, Nîmes</i>, Inrap, p. 316‑319.</p>
<p align="justify">RETOURNARD E., 2017, « Étude des textiles minéralisés de FS4209 », <i>in</i> Duperron G. (dir.), <i>L’établissement littoral de Saint-Martin-le-Bas à Gruissan (Aude)</i>, Région Occitanie/CNRS, coll. « Les ports antiques de Narbonne », p. 213‑228.</p>
<p><b>2015</b></p>
<p align="justify">RETOURNARD E., 2015, « Archaeological textiles from an ore-washing workshop in the French Alps », <i>Archaeological Textiles Review</i>, n°57, p. 75‑88.</p>
<p>&nbsp;</p>
<p>&nbsp;</p>

<p>2020 MONTAUDON M., SAUNIER I., 2020, « Les textiles funéraires de la chapelle Saint-Benoît à Fontevraud », Patrimoines en Anjou, n°1, p. 1-18. 2019 BRENIQUET C, RETOURNARD E., 2019, « Étude des <a class="more-link" href="https://www.moires.fr/en/?page_id=324">Continue Reading &rarr;</a></p>
